{"id":15,"date":"2017-12-07T13:39:08","date_gmt":"2017-12-07T12:39:08","guid":{"rendered":"http:\/\/stadtschule-gransee.de\/?page_id=15"},"modified":"2025-05-05T13:14:13","modified_gmt":"2025-05-05T11:14:13","slug":"unsere-schule","status":"publish","type":"page","link":"https:\/\/stadtschule-gransee.de\/?page_id=15","title":{"rendered":"Unsere Schule"},"content":{"rendered":"<div id=\"pl-15\"  class=\"panel-layout\" ><div id=\"pg-15-0\"  class=\"panel-grid panel-no-style\" ><div id=\"pgc-15-0-0\"  class=\"panel-grid-cell\" ><div id=\"panel-15-0-0-0\" class=\"so-panel widget widget_sow-editor panel-first-child\" data-index=\"0\" ><div\n\t\t\t\n\t\t\tclass=\"so-widget-sow-editor so-widget-sow-editor-base\"\n\t\t\t\n\t\t>\n<div class=\"siteorigin-widget-tinymce textwidget\">\n\t<p>Unsere Schule wurde 1932 als Stadtschule zu Gransee er\u00f6ffnet. Sie wurde von Joachim Klagemann entworfen. Im und nach dem 2. Weltkrieg waren hier Armeeeinheiten untergebracht. Im Kellergeschoss, dem heutigen Speiseraum, gab es viele Jahre lang eine \u201eSt\u00e4dtische Badeanstalt\u201c. Da viele Menschen keine Badewanne besa\u00dfen, konnten sie hierher kommen, und sich f\u00fcr ein paar Pfennig waschen.<\/p>\n<p>Einige Jahrzehnte war unsere Schulk\u00fcche die zentrale Schulk\u00fcche von Gransee. In ihr befand sich auch die Heizanlage der Schule.<\/p>\n<p>Bis 1991 war die Schule eine POS ( Poly- Technische- Oberschule) der Klassen 1 - 10. Seit 1991 ist sie die Stadtschule Gransee - Grundschule der Klassen 1 - 6.<\/p>\n<p>Die Schule wird von Frau Schlarmann geleitet.<br \/>\nIhre Stellvertreterin ist Frau Heike Bluhm.<\/p>\n<\/div>\n<\/div><\/div><div id=\"panel-15-0-0-1\" class=\"so-panel widget widget_sow-image panel-last-child\" data-index=\"1\" ><div\n\t\t\t\n\t\t\tclass=\"so-widget-sow-image so-widget-sow-image-default-d6014b76747a-15\"\n\t\t\t\n\t\t>\n\n<div class=\"sow-image-container\">\n\t\t<img src=\"https:\/\/stadtschule-gransee.de\/wp-content\/uploads\/2017\/12\/schulbau.gif\" width=\"1844\" height=\"1176\" sizes=\"(max-width: 1844px) 100vw, 1844px\" alt=\"\" loading=\"lazy\" \t\tclass=\"so-widget-image\"\/>\n\t<\/div>\n\n<\/div><\/div><\/div><div id=\"pgc-15-0-1\"  class=\"panel-grid-cell\" ><div id=\"panel-15-0-1-0\" class=\"so-panel widget widget_sow-image panel-first-child\" data-index=\"2\" ><div\n\t\t\t\n\t\t\tclass=\"so-widget-sow-image so-widget-sow-image-default-d6014b76747a-15\"\n\t\t\t\n\t\t>\n\n<div class=\"sow-image-container\">\n\t\t<img src=\"https:\/\/stadtschule-gransee.de\/wp-content\/uploads\/2017\/12\/SCHULE2.jpg\" width=\"4320\" height=\"3240\" srcset=\"https:\/\/stadtschule-gransee.de\/wp-content\/uploads\/2017\/12\/SCHULE2.jpg 4320w, https:\/\/stadtschule-gransee.de\/wp-content\/uploads\/2017\/12\/SCHULE2-300x225.jpg 300w, https:\/\/stadtschule-gransee.de\/wp-content\/uploads\/2017\/12\/SCHULE2-768x576.jpg 768w, https:\/\/stadtschule-gransee.de\/wp-content\/uploads\/2017\/12\/SCHULE2-1024x768.jpg 1024w\" sizes=\"(max-width: 4320px) 100vw, 4320px\" alt=\"\" loading=\"lazy\" \t\tclass=\"so-widget-image\"\/>\n\t<\/div>\n\n<\/div><\/div><div id=\"panel-15-0-1-1\" class=\"so-panel widget widget_sow-editor panel-last-child\" data-index=\"3\" ><div\n\t\t\t\n\t\t\tclass=\"so-widget-sow-editor so-widget-sow-editor-base\"\n\t\t\t\n\t\t>\n<div class=\"siteorigin-widget-tinymce textwidget\">\n\t<p>Unsere Schule wurde mehrfach modernisiert und renoviert.<\/p>\n<p>In allen Klassenr\u00e4umen gibt es einen PC, dazu besitzt die Schule ein modernes Computerkabinett, das von allen Klassen genutzt wird. Seit Mai\/ Juni 2023 sind alle unsere Klassen- und Fachr\u00e4ume mit modernen elektronischen Tafeln ausgestattet.<\/p>\n<p>Der Essenraum befindet sich im Erdgeschoss, die Turnhalle geh\u00f6rt zum Schulgeb\u00e4ude. Der Schulhof wurde neu gestaltet, dazu geh\u00f6rt eine kleine Sportfl\u00e4che mit Weitsprunggrube, Toren und Basketballkorb. 2017 wurde neben der Turnhalle ein neuer Spielplatz errichtet, der in den Pausen von den Sch\u00fclern genutzt werden kann.<\/p>\n<p>Unsere Schule z\u00e4hlt derzeit ca. 350 Sch\u00fcler und Sch\u00fclerinnen sowie 21 Lehrerinnen und Lehrer, sowie eine p\u00e4dagogische Unterrichtshilfe.<\/p>\n<\/div>\n<\/div><\/div><\/div><\/div><div id=\"pg-15-1\"  class=\"panel-grid panel-no-style\" ><div id=\"pgc-15-1-0\"  class=\"panel-grid-cell panel-grid-cell-mobile-last\" ><div id=\"panel-15-1-0-0\" class=\"so-panel widget widget_text panel-first-child panel-last-child\" data-index=\"4\" ><h3 class=\"widget-title\">Visitationsbericht<\/h3>\t\t\t<div class=\"textwidget\"><p>Den Kurzbericht finden Sie hier.<a href=\"http:\/\/stadtschule-gransee.de\/wp-content\/uploads\/2020\/01\/Visitation.pdf\">\u00a0 Visitation<\/a><\/p>\n<\/div>\n\t\t<\/div><\/div><div id=\"pgc-15-1-1\"  class=\"panel-grid-cell panel-grid-cell-empty\" ><\/div><\/div><\/div>","protected":false},"excerpt":{"rendered":"<p>Unsere Schule wurde 1932 als Stadtschule zu Gransee er\u00f6ffnet. Sie wurde von Joachim Klagemann entworfen. Im und nach dem 2. Weltkrieg waren hier Armeeeinheiten untergebracht. Im Kellergeschoss, dem heutigen Speiseraum, gab es viele Jahre lang eine \u201eSt\u00e4dtische Badeanstalt\u201c. Da viele Menschen keine Badewanne besa\u00dfen, konnten sie hierher kommen, und sich f\u00fcr ein paar Pfennig waschen. &#8230; <a title=\"Unsere Schule\" class=\"read-more\" href=\"https:\/\/stadtschule-gransee.de\/?page_id=15\">Weiterlesen &#8230;<\/a><\/p>\n","protected":false},"author":1,"featured_media":0,"parent":0,"menu_order":0,"comment_status":"closed","ping_status":"closed","template":"","meta":{"generate_page_header":""},"_links":{"self":[{"href":"https:\/\/stadtschule-gransee.de\/index.php?rest_route=\/wp\/v2\/pages\/15"}],"collection":[{"href":"https:\/\/stadtschule-gransee.de\/index.php?rest_route=\/wp\/v2\/pages"}],"about":[{"href":"https:\/\/stadtschule-gransee.de\/index.php?rest_route=\/wp\/v2\/types\/page"}],"author":[{"embeddable":true,"href":"https:\/\/stadtschule-gransee.de\/index.php?rest_route=\/wp\/v2\/users\/1"}],"replies":[{"embeddable":true,"href":"https:\/\/stadtschule-gransee.de\/index.php?rest_route=%2Fwp%2Fv2%2Fcomments&post=15"}],"version-history":[{"count":62,"href":"https:\/\/stadtschule-gransee.de\/index.php?rest_route=\/wp\/v2\/pages\/15\/revisions"}],"predecessor-version":[{"id":2519,"href":"https:\/\/stadtschule-gransee.de\/index.php?rest_route=\/wp\/v2\/pages\/15\/revisions\/2519"}],"wp:attachment":[{"href":"https:\/\/stadtschule-gransee.de\/index.php?rest_route=%2Fwp%2Fv2%2Fmedia&parent=15"}],"curies":[{"name":"wp","href":"https:\/\/api.w.org\/{rel}","templated":true}]}}