{"id":2031,"date":"2023-11-20T07:39:11","date_gmt":"2023-11-20T06:39:11","guid":{"rendered":"https:\/\/stadtschule-gransee.de\/?page_id=2031"},"modified":"2025-12-16T17:03:38","modified_gmt":"2025-12-16T16:03:38","slug":"schulsozialarbeit","status":"publish","type":"page","link":"https:\/\/stadtschule-gransee.de\/?page_id=2031","title":{"rendered":"Schulsozialarbeit"},"content":{"rendered":"<p><img decoding=\"async\" loading=\"lazy\" class=\"wp-image-2037 size-medium alignleft\" src=\"https:\/\/stadtschule-gransee.de\/wp-content\/uploads\/2023\/11\/IMG-20230912-WA0001-1-225x300.jpg\" alt=\"\" width=\"225\" height=\"300\" srcset=\"https:\/\/stadtschule-gransee.de\/wp-content\/uploads\/2023\/11\/IMG-20230912-WA0001-1-225x300.jpg 225w, https:\/\/stadtschule-gransee.de\/wp-content\/uploads\/2023\/11\/IMG-20230912-WA0001-1-768x1024.jpg 768w, https:\/\/stadtschule-gransee.de\/wp-content\/uploads\/2023\/11\/IMG-20230912-WA0001-1-1152x1536.jpg 1152w, https:\/\/stadtschule-gransee.de\/wp-content\/uploads\/2023\/11\/IMG-20230912-WA0001-1.jpg 1200w\" sizes=\"(max-width: 225px) 100vw, 225px\" \/><\/p>\n<div data-canvas-width=\"56.91199999999999\">\n<p><strong>Was macht eigentlich Schulsozialarbeit?<\/strong><\/p>\n<p><strong><em>Unterst\u00fctzung f\u00fcr die Kinder<br \/><\/em><\/strong>Ich habe ein offenes Ohr f\u00fcr eure Probleme, Sorgen und \u00c4ngste. Au\u00dferdem helfe ich euch, Konflikte mit anderen zu l\u00f6sen. Ich arbeite mit euch einzeln, aber auch in Gruppen und helfe euch bei der F\u00f6rderung von sozialen Kompetenzen.<\/p>\n<p><strong><em>Elternarbeit<br \/><\/em><\/strong>Auch f\u00fcr Sie als Eltern habe ich ein offenes Ohr bei Fragen oder Problemen. Gemeinsam k\u00f6nnen wir \u00fcberlegen, welche Unterst\u00fctzung Sie ben\u00f6tigen.<\/p>\n<p><strong><em>Teamwork mit den Lehrkr\u00e4ften<br \/><\/em><\/strong>Auch f\u00fcr unsere Lehrkr\u00e4fte bin ich bei sozialen Problemen und Fragen zum Kinderschutz unterst\u00fctzend da. Gemeinsam \u00fcberlegen wir uns Projekte, f\u00fchren Elterngespr\u00e4che und bew\u00e4ltigen Krisensituationen.<\/p>\n<p><strong><em>Pr\u00e4vention und Netzwerkarbeit<br \/><\/em><\/strong>Zur Pr\u00e4ventionsarbeit und der St\u00e4rkung des Klassenklimas f\u00fchre ich Projekte in den verschiedenen Klassen durch. Nicht nur innerhalb der Schule arbeiten wir zusammen, sondern auch mit Dritten (bspw. Jugendamt, Tr\u00e4ger der Jugendhilfe und Vereine).<\/p>\n<p>Sollten es Fragen geben oder Sie haben Gespr\u00e4chsbedarf, k\u00f6nnen Sie sich gerne jederzeit an mich wenden. Gemeinsam schauen wir, wie wir Ihr Kind unterst\u00fctzen k\u00f6nnen.<\/p>\n<\/div>\n<p style=\"text-align: left;\"><strong>Meine B\u00fcrozeiten<\/strong><\/p>\n<table style=\"border-collapse: collapse; width: 100.744%;\">\n<tbody>\n<tr>\n<td style=\"width: 21.8181%;\">Montag<\/td>\n<td style=\"width: 78.9265%;\">\n<div data-canvas-width=\"110.20800000000003\">7.45 \u2013 8.30 Uhr<\/div>\n<div data-canvas-width=\"128\">10.40 \u2013 12.25 Uhr<\/div>\n<div data-canvas-width=\"128\">12.45 \u2013 15.30 Uhr<\/div>\n<\/td>\n<\/tr>\n<tr>\n<td style=\"width: 21.8181%;\">Dienstag\u00a0<\/td>\n<td style=\"width: 78.9265%;\">\n<div data-canvas-width=\"110.20800000000003\">7.45 \u2013 8.30 Uhr<\/div>\n<div data-canvas-width=\"126.816\">11.50 \u2013 12.15 Uhr<\/div>\n<div data-canvas-width=\"128\">13.30 \u2013 15.30 Uhr<\/div>\n<\/td>\n<\/tr>\n<tr>\n<td style=\"width: 21.8181%;\">Mittwoch\/Donnerstag<\/td>\n<td style=\"width: 78.9265%;\">\n<div data-canvas-width=\"110.20800000000003\">7.45 \u2013 8.30 Uhr<\/div>\n<div data-canvas-width=\"128\">10.40 \u2013 12.15 Uhr<\/div>\n<div data-canvas-width=\"128\">12.45 \u2013 13.30 Uhr<\/div>\n<div data-canvas-width=\"128\">14.20 \u2013 15.30 Uhr<\/div>\n<\/td>\n<\/tr>\n<tr>\n<td style=\"width: 21.8181%;\">Freitag<\/td>\n<td style=\"width: 78.9265%;\">\n<div>\n<div data-canvas-width=\"110.20800000000003\">7.45 \u2013 8.30 Uhr<\/div>\n<div data-canvas-width=\"128\">10.40 \u2013 12.15 Uhr<\/div>\n<div data-canvas-width=\"128\">12.45 \u2013 14.30 Uhr<\/div>\n<\/div>\n<\/td>\n<\/tr>\n<\/tbody>\n<\/table>\n<p><strong>Meine Kontaktdaten<\/strong><\/p>\n<p>Telefon-Nr. 0160 90973489 oder per <strong>E-Mail: k.merkel@gransee.de<\/strong><\/p>\n\n","protected":false},"excerpt":{"rendered":"<p>Was macht eigentlich Schulsozialarbeit? Unterst\u00fctzung f\u00fcr die KinderIch habe ein offenes Ohr f\u00fcr eure Probleme, Sorgen und \u00c4ngste. Au\u00dferdem helfe ich euch, Konflikte mit anderen zu l\u00f6sen. Ich arbeite mit euch einzeln, aber auch in Gruppen und helfe euch bei der F\u00f6rderung von sozialen Kompetenzen. ElternarbeitAuch f\u00fcr Sie als Eltern habe ich ein offenes Ohr &#8230; <a title=\"Schulsozialarbeit\" class=\"read-more\" href=\"https:\/\/stadtschule-gransee.de\/?page_id=2031\">Weiterlesen &#8230;<\/a><\/p>\n","protected":false},"author":1,"featured_media":0,"parent":0,"menu_order":0,"comment_status":"closed","ping_status":"closed","template":"","meta":{"generate_page_header":""},"_links":{"self":[{"href":"https:\/\/stadtschule-gransee.de\/index.php?rest_route=\/wp\/v2\/pages\/2031"}],"collection":[{"href":"https:\/\/stadtschule-gransee.de\/index.php?rest_route=\/wp\/v2\/pages"}],"about":[{"href":"https:\/\/stadtschule-gransee.de\/index.php?rest_route=\/wp\/v2\/types\/page"}],"author":[{"embeddable":true,"href":"https:\/\/stadtschule-gransee.de\/index.php?rest_route=\/wp\/v2\/users\/1"}],"replies":[{"embeddable":true,"href":"https:\/\/stadtschule-gransee.de\/index.php?rest_route=%2Fwp%2Fv2%2Fcomments&post=2031"}],"version-history":[{"count":5,"href":"https:\/\/stadtschule-gransee.de\/index.php?rest_route=\/wp\/v2\/pages\/2031\/revisions"}],"predecessor-version":[{"id":2722,"href":"https:\/\/stadtschule-gransee.de\/index.php?rest_route=\/wp\/v2\/pages\/2031\/revisions\/2722"}],"wp:attachment":[{"href":"https:\/\/stadtschule-gransee.de\/index.php?rest_route=%2Fwp%2Fv2%2Fmedia&parent=2031"}],"curies":[{"name":"wp","href":"https:\/\/api.w.org\/{rel}","templated":true}]}}