{"id":2279,"date":"2024-08-29T11:58:41","date_gmt":"2024-08-29T09:58:41","guid":{"rendered":"https:\/\/stadtschule-gransee.de\/?page_id=2279"},"modified":"2025-06-04T12:29:41","modified_gmt":"2025-06-04T10:29:41","slug":"formulare","status":"publish","type":"page","link":"https:\/\/stadtschule-gransee.de\/?page_id=2279","title":{"rendered":"Formulare"},"content":{"rendered":"<p><a href=\"https:\/\/stadtschule-gransee.de\/wp-content\/uploads\/2024\/08\/Einverstaendniserklaerung-Fotos.docx\">Einverst\u00e4ndniserkl\u00e4rung Fotos<\/a><\/p>\n<p><a href=\"https:\/\/stadtschule-gransee.de\/wp-content\/uploads\/2024\/09\/Datenschutzerklaerung.pdf\">Datenschutzerkl\u00e4rung<\/a><\/p>\n<p><a href=\"https:\/\/stadtschule-gransee.de\/wp-content\/uploads\/2024\/08\/Elternangaben-Uebersicht.docx\">Elternangaben \u00dcbersicht<\/a><\/p>\n<p><a href=\"https:\/\/stadtschule-gransee.de\/wp-content\/uploads\/2024\/08\/Erklaerung-Eltern-Klassenfahrt.docx\">Erkl\u00e4rung Eltern Klassenfahrt<\/a><\/p>\n<p><a href=\"https:\/\/stadtschule-gransee.de\/wp-content\/uploads\/2024\/08\/Vereinbarung-zur-Teilnahme-AG.docx\">Vereinbarung zur Teilnahme AG<\/a><\/p>\n<p><a href=\"https:\/\/stadtschule-gransee.de\/wp-content\/uploads\/2024\/08\/Schweigepflichtentbindung.docx\">Schweigepflichtentbindung<\/a><\/p>\n<p><a href=\"https:\/\/www.oberhavel.de\/B%C3%BCrgerservice\/Auto-und-Verkehr_Neu-2025-MV\/Sch%C3%BClerbef%C3%B6rderung\/\">Sch\u00fclerbef\u00f6rderung 25\/26<\/a><\/p>\n<p><a href=\"https:\/\/stadtschule-gransee.de\/wp-content\/uploads\/2025\/06\/Antrag-\u00a7-106.pdf\">Antrag \u00a7 106 Schulwechsel (Wohnortwechsel)<\/a><\/p>\n\n","protected":false},"excerpt":{"rendered":"<p>Einverst\u00e4ndniserkl\u00e4rung Fotos Datenschutzerkl\u00e4rung Elternangaben \u00dcbersicht Erkl\u00e4rung Eltern Klassenfahrt Vereinbarung zur Teilnahme AG Schweigepflichtentbindung Sch\u00fclerbef\u00f6rderung 25\/26 Antrag \u00a7 106 Schulwechsel (Wohnortwechsel)<\/p>\n","protected":false},"author":1,"featured_media":0,"parent":0,"menu_order":0,"comment_status":"closed","ping_status":"closed","template":"","meta":{"generate_page_header":""},"_links":{"self":[{"href":"https:\/\/stadtschule-gransee.de\/index.php?rest_route=\/wp\/v2\/pages\/2279"}],"collection":[{"href":"https:\/\/stadtschule-gransee.de\/index.php?rest_route=\/wp\/v2\/pages"}],"about":[{"href":"https:\/\/stadtschule-gransee.de\/index.php?rest_route=\/wp\/v2\/types\/page"}],"author":[{"embeddable":true,"href":"https:\/\/stadtschule-gransee.de\/index.php?rest_route=\/wp\/v2\/users\/1"}],"replies":[{"embeddable":true,"href":"https:\/\/stadtschule-gransee.de\/index.php?rest_route=%2Fwp%2Fv2%2Fcomments&post=2279"}],"version-history":[{"count":4,"href":"https:\/\/stadtschule-gransee.de\/index.php?rest_route=\/wp\/v2\/pages\/2279\/revisions"}],"predecessor-version":[{"id":2546,"href":"https:\/\/stadtschule-gransee.de\/index.php?rest_route=\/wp\/v2\/pages\/2279\/revisions\/2546"}],"wp:attachment":[{"href":"https:\/\/stadtschule-gransee.de\/index.php?rest_route=%2Fwp%2Fv2%2Fmedia&parent=2279"}],"curies":[{"name":"wp","href":"https:\/\/api.w.org\/{rel}","templated":true}]}}