{"id":2442,"date":"2025-02-28T13:23:30","date_gmt":"2025-02-28T12:23:30","guid":{"rendered":"https:\/\/stadtschule-gransee.de\/?page_id=2442"},"modified":"2025-10-14T18:03:32","modified_gmt":"2025-10-14T16:03:32","slug":"fridolin-unser-schulgespenst","status":"publish","type":"page","link":"https:\/\/stadtschule-gransee.de\/?page_id=2442","title":{"rendered":"Fridolin unser Schulgespenst"},"content":{"rendered":"<p>Seit einigen Jahren wohnt ein kleines Schulgespenst auf dem Dachboden unserer Schule. Ab und an meldet es sich mal \u00fcber den Schulfunk.<\/p>\n<p><img decoding=\"async\" loading=\"lazy\" class=\"wp-image-2674 alignleft\" src=\"https:\/\/stadtschule-gransee.de\/wp-content\/uploads\/2025\/10\/Fr-bild-300x131.jpg\" alt=\"\" width=\"360\" height=\"157\" srcset=\"https:\/\/stadtschule-gransee.de\/wp-content\/uploads\/2025\/10\/Fr-bild-300x131.jpg 300w, https:\/\/stadtschule-gransee.de\/wp-content\/uploads\/2025\/10\/Fr-bild-1024x446.jpg 1024w, https:\/\/stadtschule-gransee.de\/wp-content\/uploads\/2025\/10\/Fr-bild-768x334.jpg 768w, https:\/\/stadtschule-gransee.de\/wp-content\/uploads\/2025\/10\/Fr-bild.jpg 1482w\" sizes=\"(max-width: 360px) 100vw, 360px\" \/> <img decoding=\"async\" loading=\"lazy\" class=\"wp-image-2676 alignright\" src=\"https:\/\/stadtschule-gransee.de\/wp-content\/uploads\/2025\/10\/Buchcover-207x300.jpg\" alt=\"\" width=\"137\" height=\"198\" srcset=\"https:\/\/stadtschule-gransee.de\/wp-content\/uploads\/2025\/10\/Buchcover-207x300.jpg 207w, https:\/\/stadtschule-gransee.de\/wp-content\/uploads\/2025\/10\/Buchcover.jpg 600w\" sizes=\"(max-width: 137px) 100vw, 137px\" \/><\/p>\n<p>Letztens besuchte das Gespenst die Klasse 2b. Hier sind 2 Geschichten, die die Kinder dar\u00fcber aufgeschrieben haben.<\/p>\n<p><strong>Fridolin in der Klasse 2 b<\/strong><\/p>\n<p>Die Klasse 2 b war in ihrem Klassenraum und hatte gerade Deutsch. Die Kinder sortierten W\u00f6rter. Pl\u00f6tzlich ging die T\u00fcr einen kleinen Spalt auf und Fridolin flog herein. Ein M\u00e4dchen rief: \u201eDas ist bestimmt Fridolin!\u201c, aber die Kinder konnten ihn nicht sehen. Fridolin setzte sich auf das Fensterbrett und schubste eine Blume runter. Frau St\u00f6ckel rief: \u201eOch nein, die sch\u00f6ne Blume! Die wurde mir doch zum 20. Hochzeitstag geschenkt. Dann fiel noch pl\u00f6tzlich eine Federtasche runter. Die Kinder reagierten komisch und dachten: \u201eH\u00e4, was ist hier denn los?\u201c Nun flog Fridolin wieder raus und die Kinder sortierten weiter ihre W\u00f6rter. Aber nach der gro\u00dfen Pause schwebte er wieder heimlich in den Klassenraum rein. Nun flog Fridolin zu Pia und setzte sich auf ihre Schulter. Er zog ihr an den Haaren. Pia rief. \u201eLea, h\u00f6r auf!\u201c Lea antwortete: \u201eDas war ich nicht!\u201c Pia sagte: \u201eHa, ha, ha! Lea, du l\u00fcgst doch.\u201c Fridolin musste kichern und dann laut lachen. Jetzt flog er heimlich zu Mattes und kitzelte ihm am Ohr. Mattes schrie durch die ganze Klasse. \u201eH\u00f6r auf, Samira!\u201c Fridolin kicherte wieder und sagte: \u201eEs war sehr lustig in der 2 b. Ich glaube ich wei\u00df schon, wo ich als n\u00e4chstes hinfliege und Schabernack mache. Und zwar in die Klasse 2 a.\u201c<\/p>\n<p>Geschichte von Hanna Klasse 2b<\/p>\n<p><strong>Fridolin in der 2 b<\/strong><\/p>\n<p>Die Klasse 2 b war in ihrem Raum und hatte gerade Mathe. Die Kinder rechneten in ihren Heften. Pl\u00f6tzlich ging die T\u00fcr einen kleinen Spalt auf und Fridolin flog herein. Ein M\u00e4dchen rief: \u201eDas ist bestimmt Fridolin!\u201c, aber die Kinder konnten ihn nicht sehen. Fridolin flog zur Lehrerin und klaute ganze eins, zwei, drei \u2013 nein vier Hefte. Charlotte rief: \u201eFrau St\u00f6ckel, 4 Hefte fliegen davon.\u201c Dann schwebte Fridolin weiter zu Mara und schubste ihre Federtasche vom Tisch. Frau St\u00f6ckel sagte zu Mara: \u201eWirft deine Federtasche nicht durch den Klassenraum!\u201c Mara meinte: \u201eDas war ich nicht, das war Fridolin.\u201c\u00a0 Da sagte Frau St\u00f6ckel: \u201eJa, ja, das kann ja jeder sagen.\u201c Erst als Frau St\u00f6ckel, Fridolin mit ihrer eigenen Lesebrille auf der Nase sah (eine schwebende Brille), glaubte sie Mara. Da fingen alle Kinder laut an zu lachen. Es klingelte zur gro\u00dfen Pause. Fridolin schwebte mit der ganzen Klasse 2 b auf den M\u00e4usespielplatz.<\/p>\n<p>Geschichte von Charlotte Klasse 2b<\/p>\n<div><strong>Fridolin in der 2 a\u00a0<\/strong><\/div>\n<div><\/div>\n<div><\/div>\n<div>Fridolin ist in der Nacht durchs Schl\u00fcsselloch in die Klasse 2 a gekrabbelt.<\/div>\n<div>Dann wird es langsam morgens und alle Kinder kommen ganz schnell in die Schule. Fridolin setzt sich neben Alessio und nimmt sein T\u00dc-Heft.<\/div>\n<div>Danach nimmt Fridolin Idas Bleistift weg und Frau Leben sagt: \u201eWir kontrollieren jetzt.\u201c, und Ida ruft schnell: \u201eNein, mein Bleistift ist weg!\u201c Frieda sagt: \u201eDas war bestimmt Fridolin!\u201c 2 Stunden sp\u00e4ter nimmt Fridolin Frau Lebens Brille und kippte auch noch Toms Tisch um.\u00a0 Tom schreit:\u201c Auch das war Fridolin!\u201c<\/div>\n<div>Fridolin sagt zu sich: \u201eHier habe ich genug angestellt.\u00a0 Dann gehe ich morgen in die 2 c.<\/div>\n<div><\/div>\n<div>Ida (Klasse 2a)<\/div>\n<div><\/div>\n<div><\/div>\n<div><\/div>\n<div>\n<div><strong>Fridolin in der 2a<\/strong><\/div>\n<div>Fridolin flog also zur T\u00fcr der 2 a und quetschte sich durch den unteren T\u00fcrspalt. Er dachte sich: &#8222;Auf jeden Fall sto\u00dfe ich Kiaras Flasche um.&#8220; Schnell schubste Fridolin die Flasche vom Tisch.\u00a0<wbr \/> Kiara rief: \u201cHe Theo, lass das sein!\u201c Theo schaute verwundert und sagte: \u201eIch wei\u00df nicht, was du meinst? <wbr \/>\u00a0Das war bestimmt Charlotte.\u00a0<wbr \/> Charlotte hat nichts verstanden, aber sie sprang sofort auf, als sie sah, dass Kiaras Flasche vom Tisch gefallen und ausgelaufen war. Dann halfen auch Leo, Alex, Frieda und dann die ganze Klasse. Fridolin sagte zu sich: \u201eH\u00e4, die sind ja alle hilfsbereit.\u201c<\/div>\n<div>Fridolin musste sich sch\u00f6n beeilen, dass er noch ein bisschen in der Pf\u00fctze baden konnte.\u00a0<wbr \/>\u00a0Als Fridolin in die Pf\u00fctze flog, spritzte er Matti ins Gesicht.\u00a0<wbr \/><\/div>\n<div>\u201eH\u00f6r auf Leo!\u201c, sagte Matti. \u201eWas mach ich denn?\u201c, fragte Leo.\u00a0<wbr \/>\u00a0<wbr \/>\u00a0<wbr \/>\u00a0<wbr \/>\u00a0<wbr \/>\u00a0<wbr \/>\u00a0<wbr \/>\u00a0<wbr \/>\u00a0<wbr \/>\u00a0<wbr \/>\u00a0<wbr \/>\u00a0<wbr \/>\u00a0<wbr \/>\u00a0<wbr \/>\u00a0<wbr \/>\u00a0<wbr \/>\u00a0<wbr \/>\u00a0<wbr \/>\u00a0<wbr \/>\u00a0<wbr \/>\u00a0<wbr \/>\u00a0<wbr \/>\u00a0<wbr \/>\u00a0<wbr \/>\u00a0<wbr \/>\u00a0<wbr \/>\u00a0<wbr \/>\u00a0<wbr \/>\u00a0<wbr \/>\u00a0<wbr \/>\u00a0<wbr \/>\u00a0<wbr \/>\u00a0<wbr \/>\u00a0<wbr \/>\u00a0<wbr \/>\u00a0<wbr \/>\u00a0<wbr \/>\u00a0<wbr \/>\u00a0<wbr \/>\u00a0<wbr \/>\u00a0<wbr \/>\u00a0<wbr \/>\u00a0<wbr \/>\u00a0<wbr \/><\/div>\n<div>Fridolin lachte. Dann dachte sich Fridolin; \u201eMorgen \u00e4rgere ich die 2 c.\u201c\u00a0<wbr \/><\/div>\n<div><\/div>\n<div>Jan (Klasse 2a)<\/div>\n<\/div>\n","protected":false},"excerpt":{"rendered":"<p>Seit einigen Jahren wohnt ein kleines Schulgespenst auf dem Dachboden unserer Schule. Ab und an meldet es sich mal \u00fcber den Schulfunk. Letztens besuchte das Gespenst die Klasse 2b. Hier sind 2 Geschichten, die die Kinder dar\u00fcber aufgeschrieben haben. Fridolin in der Klasse 2 b Die Klasse 2 b war in ihrem Klassenraum und hatte &#8230; <a title=\"Fridolin unser Schulgespenst\" class=\"read-more\" href=\"https:\/\/stadtschule-gransee.de\/?page_id=2442\">Weiterlesen &#8230;<\/a><\/p>\n","protected":false},"author":1,"featured_media":0,"parent":0,"menu_order":0,"comment_status":"closed","ping_status":"closed","template":"","meta":{"generate_page_header":""},"_links":{"self":[{"href":"https:\/\/stadtschule-gransee.de\/index.php?rest_route=\/wp\/v2\/pages\/2442"}],"collection":[{"href":"https:\/\/stadtschule-gransee.de\/index.php?rest_route=\/wp\/v2\/pages"}],"about":[{"href":"https:\/\/stadtschule-gransee.de\/index.php?rest_route=\/wp\/v2\/types\/page"}],"author":[{"embeddable":true,"href":"https:\/\/stadtschule-gransee.de\/index.php?rest_route=\/wp\/v2\/users\/1"}],"replies":[{"embeddable":true,"href":"https:\/\/stadtschule-gransee.de\/index.php?rest_route=%2Fwp%2Fv2%2Fcomments&post=2442"}],"version-history":[{"count":7,"href":"https:\/\/stadtschule-gransee.de\/index.php?rest_route=\/wp\/v2\/pages\/2442\/revisions"}],"predecessor-version":[{"id":2679,"href":"https:\/\/stadtschule-gransee.de\/index.php?rest_route=\/wp\/v2\/pages\/2442\/revisions\/2679"}],"wp:attachment":[{"href":"https:\/\/stadtschule-gransee.de\/index.php?rest_route=%2Fwp%2Fv2%2Fmedia&parent=2442"}],"curies":[{"name":"wp","href":"https:\/\/api.w.org\/{rel}","templated":true}]}}