{"id":7,"date":"2017-12-07T13:38:18","date_gmt":"2017-12-07T12:38:18","guid":{"rendered":"http:\/\/stadtschule-gransee.de\/?page_id=7"},"modified":"2026-05-05T13:16:02","modified_gmt":"2026-05-05T11:16:02","slug":"startseite","status":"publish","type":"page","link":"https:\/\/stadtschule-gransee.de\/","title":{"rendered":"Startseite"},"content":{"rendered":"<div id=\"pl-7\"  class=\"panel-layout\" ><div id=\"pg-7-0\"  class=\"panel-grid panel-no-style\" ><div id=\"pgc-7-0-0\"  class=\"panel-grid-cell panel-grid-cell-empty\" ><\/div><div id=\"pgc-7-0-1\"  class=\"panel-grid-cell panel-grid-cell-mobile-last\" ><div id=\"panel-7-0-1-0\" class=\"so-panel widget widget_sow-editor panel-first-child\" data-index=\"0\" ><div\n\t\t\t\n\t\t\tclass=\"so-widget-sow-editor so-widget-sow-editor-base\"\n\t\t\t\n\t\t>\n<div class=\"siteorigin-widget-tinymce textwidget\">\n\t<h1>\u00a0 \u00a0 \u00a0 \u00a0 \u00a0 \u00a0 \u00a0Herzlich Willkommen!<\/h1>\n<p>&nbsp;<\/p>\n<p>&nbsp;<\/p>\n<\/div>\n<\/div><\/div><div id=\"panel-7-0-1-1\" class=\"so-panel widget widget_media_image\" data-index=\"1\" ><img width=\"640\" height=\"640\" src=\"https:\/\/stadtschule-gransee.de\/wp-content\/uploads\/2023\/01\/Stadtschule-Gransee.jpg\" class=\"image wp-image-1755  attachment-full size-full\" alt=\"\" decoding=\"async\" loading=\"lazy\" style=\"max-width: 100%; height: auto;\" srcset=\"https:\/\/stadtschule-gransee.de\/wp-content\/uploads\/2023\/01\/Stadtschule-Gransee.jpg 640w, https:\/\/stadtschule-gransee.de\/wp-content\/uploads\/2023\/01\/Stadtschule-Gransee-150x150.jpg 150w, https:\/\/stadtschule-gransee.de\/wp-content\/uploads\/2023\/01\/Stadtschule-Gransee-300x300.jpg 300w\" sizes=\"(max-width: 640px) 100vw, 640px\" \/><\/div><div id=\"panel-7-0-1-2\" class=\"so-panel widget widget_text panel-last-child\" data-index=\"2\" >\t\t\t<div class=\"textwidget\"><p>Unsere Grundschule liegt im Norden vom Landkreis Oberhavel, in der Kleinstadt Gransee. Derzeit besuchen rund 350 Sch\u00fcler und Sch\u00fclerinnen der Klassen 1 bis 6 den Unterricht.<\/p>\n<p>&nbsp;<\/p>\n<p>Herbsteinsatz im Schulgarten<\/p>\n<p><img decoding=\"async\" loading=\"lazy\" class=\"alignnone size-medium wp-image-2700\" src=\"https:\/\/stadtschule-gransee.de\/wp-content\/uploads\/2025\/11\/WhatsApp-Image-2025-11-11-at-10.25.40-1-300x139.jpeg\" alt=\"\" width=\"300\" height=\"139\" srcset=\"https:\/\/stadtschule-gransee.de\/wp-content\/uploads\/2025\/11\/WhatsApp-Image-2025-11-11-at-10.25.40-1-300x139.jpeg 300w, https:\/\/stadtschule-gransee.de\/wp-content\/uploads\/2025\/11\/WhatsApp-Image-2025-11-11-at-10.25.40-1-1024x473.jpeg 1024w, https:\/\/stadtschule-gransee.de\/wp-content\/uploads\/2025\/11\/WhatsApp-Image-2025-11-11-at-10.25.40-1-768x355.jpeg 768w, https:\/\/stadtschule-gransee.de\/wp-content\/uploads\/2025\/11\/WhatsApp-Image-2025-11-11-at-10.25.40-1-1536x709.jpeg 1536w, https:\/\/stadtschule-gransee.de\/wp-content\/uploads\/2025\/11\/WhatsApp-Image-2025-11-11-at-10.25.40-1.jpeg 1600w\" sizes=\"(max-width: 300px) 100vw, 300px\" \/> <img decoding=\"async\" loading=\"lazy\" class=\"alignnone size-medium wp-image-2701\" src=\"https:\/\/stadtschule-gransee.de\/wp-content\/uploads\/2025\/11\/WhatsApp-Image-2025-11-11-at-10.25.40-300x139.jpeg\" alt=\"\" width=\"300\" height=\"139\" srcset=\"https:\/\/stadtschule-gransee.de\/wp-content\/uploads\/2025\/11\/WhatsApp-Image-2025-11-11-at-10.25.40-300x139.jpeg 300w, https:\/\/stadtschule-gransee.de\/wp-content\/uploads\/2025\/11\/WhatsApp-Image-2025-11-11-at-10.25.40-1024x473.jpeg 1024w, https:\/\/stadtschule-gransee.de\/wp-content\/uploads\/2025\/11\/WhatsApp-Image-2025-11-11-at-10.25.40-768x355.jpeg 768w, https:\/\/stadtschule-gransee.de\/wp-content\/uploads\/2025\/11\/WhatsApp-Image-2025-11-11-at-10.25.40-1536x709.jpeg 1536w, https:\/\/stadtschule-gransee.de\/wp-content\/uploads\/2025\/11\/WhatsApp-Image-2025-11-11-at-10.25.40.jpeg 1600w\" sizes=\"(max-width: 300px) 100vw, 300px\" \/><\/p>\n<p>&nbsp;<\/p>\n<\/div>\n\t\t<\/div><\/div><div id=\"pgc-7-0-2\"  class=\"panel-grid-cell panel-grid-cell-empty\" ><\/div><\/div><div id=\"pg-7-1\"  class=\"panel-grid panel-no-style\" ><div id=\"pgc-7-1-0\"  class=\"panel-grid-cell panel-grid-cell-empty\" ><\/div><div id=\"pgc-7-1-1\"  class=\"panel-grid-cell panel-grid-cell-mobile-last\" ><div id=\"panel-7-1-1-0\" class=\"so-panel widget widget_media_image panel-first-child panel-last-child\" data-index=\"3\" ><img width=\"300\" height=\"200\" src=\"https:\/\/stadtschule-gransee.de\/wp-content\/uploads\/2024\/06\/FoerdLehramt_webseite-300x200.jpg\" class=\"image wp-image-2262  attachment-medium size-medium\" alt=\"\" decoding=\"async\" loading=\"lazy\" style=\"max-width: 100%; height: auto;\" srcset=\"https:\/\/stadtschule-gransee.de\/wp-content\/uploads\/2024\/06\/FoerdLehramt_webseite-300x200.jpg 300w, https:\/\/stadtschule-gransee.de\/wp-content\/uploads\/2024\/06\/FoerdLehramt_webseite-272x182.jpg 272w, https:\/\/stadtschule-gransee.de\/wp-content\/uploads\/2024\/06\/FoerdLehramt_webseite.jpg 600w\" sizes=\"(max-width: 300px) 100vw, 300px\" \/><\/div><\/div><div id=\"pgc-7-1-2\"  class=\"panel-grid-cell panel-grid-cell-empty\" ><\/div><\/div><div id=\"pg-7-2\"  class=\"panel-grid panel-no-style\" ><div id=\"pgc-7-2-0\"  class=\"panel-grid-cell panel-grid-cell-mobile-last\" ><div id=\"panel-7-2-0-0\" class=\"so-panel widget widget_text panel-first-child panel-last-child\" data-index=\"4\" ><h3 class=\"widget-title\">Nutzung telli &#8211; KI-Chatbot<\/h3>\t\t\t<div class=\"textwidget\"><p>Sehr geehrte Eltern,<\/p>\n<p>seit dem 01.09.2025 steht den Schulen des Landes Brandenburg in \u00f6ffentlicher Tr\u00e4gerschaft das datenschutz- und rechtskonforme KI-Tool \u201etelli\u201c kostenfrei zur Verf\u00fcgung, das im Auftrag aller Bundesl\u00e4nder mit Mitteln aus dem DigitalPakt Schule 2019-2024 entwickelt wurde.<\/p>\n<p>\u201etelli\u201c wurde speziell f\u00fcr den Einsatz im Unterricht entwickelt. Lehrkr\u00e4fte in Brandenburg k\u00f6nnen \u00fcber das Schulportal auf \u201etelli\u201c zugreifen und den KI-Chatbot sowohl zur Unterrichtsvorbereitung als auch im Unterricht selbst nutzen. Dar\u00fcber hinaus haben Lehrkr\u00e4fte die M\u00f6glichkeit, \u201etelli\u201c f\u00fcr ihre Sch\u00fcler freizugeben \u2013 in einer gesch\u00fctzten und didaktisch gestalteten Lernumgebung. So k\u00f6nnen auch Kinder und Jugendliche Kompetenzen im Umgang mit KI erwerben, ohne dabei Datenschutzrisiken einzugehen.<\/p>\n<p>Die Nutzungsdaten der Sch\u00fclerinnen und Sch\u00fcler werden nicht zu Trainingszwecken verwendet und dementsprechend keine Daten f\u00fcr Trainingszwecke auf den Servern der Sprachmodelle gespeichert. Lernende haben keine eigenen Account, sondern bekommen f\u00fcr einen von der Lehrkraft festgelegten Zeitraum Zugang zu \u201etelli\u201c. Es sollen keine personenbezogenen Daten in den Chatbot eingegeben werden.<\/p>\n<p>Wann und in welchem Umfang der Chatbot eingesetzt wird, obliegt den Lehrkr\u00e4ften der Schule.<\/p>\n<p>Weitere Informationen, einschlie\u00dflich der Datenschutzerkl\u00e4rung, zu \u201etelli\u201c erhalten Sie unter: https:\/\/telli.schule<\/p>\n<\/div>\n\t\t<\/div><\/div><div id=\"pgc-7-2-1\"  class=\"panel-grid-cell panel-grid-cell-empty\" ><\/div><\/div><\/div>","protected":false},"excerpt":{"rendered":"<p>\u00a0 \u00a0 \u00a0 \u00a0 \u00a0 \u00a0 \u00a0Herzlich Willkommen! &nbsp; &nbsp; Unsere Grundschule liegt im Norden vom Landkreis Oberhavel, in der Kleinstadt Gransee. Derzeit besuchen rund 350 Sch\u00fcler und Sch\u00fclerinnen der Klassen 1 bis 6 den Unterricht. &nbsp; Herbsteinsatz im Schulgarten &nbsp;<\/p>\n","protected":false},"author":1,"featured_media":0,"parent":0,"menu_order":0,"comment_status":"closed","ping_status":"closed","template":"","meta":{"generate_page_header":""},"_links":{"self":[{"href":"https:\/\/stadtschule-gransee.de\/index.php?rest_route=\/wp\/v2\/pages\/7"}],"collection":[{"href":"https:\/\/stadtschule-gransee.de\/index.php?rest_route=\/wp\/v2\/pages"}],"about":[{"href":"https:\/\/stadtschule-gransee.de\/index.php?rest_route=\/wp\/v2\/types\/page"}],"author":[{"embeddable":true,"href":"https:\/\/stadtschule-gransee.de\/index.php?rest_route=\/wp\/v2\/users\/1"}],"replies":[{"embeddable":true,"href":"https:\/\/stadtschule-gransee.de\/index.php?rest_route=%2Fwp%2Fv2%2Fcomments&post=7"}],"version-history":[{"count":596,"href":"https:\/\/stadtschule-gransee.de\/index.php?rest_route=\/wp\/v2\/pages\/7\/revisions"}],"predecessor-version":[{"id":2754,"href":"https:\/\/stadtschule-gransee.de\/index.php?rest_route=\/wp\/v2\/pages\/7\/revisions\/2754"}],"wp:attachment":[{"href":"https:\/\/stadtschule-gransee.de\/index.php?rest_route=%2Fwp%2Fv2%2Fmedia&parent=7"}],"curies":[{"name":"wp","href":"https:\/\/api.w.org\/{rel}","templated":true}]}}